vert -757701 (base 9) to base 3.
-211221210001
What is -10300303213 (base 4) in base 8?
-4606347
Convert -2651974 (base 13) to base 9.
-24562267
Convert 244a8 (base 11) to base 2.
1000100110001000
-20a60 (base 14) to base 8
-232034
-100212122111 (base 3) to base 15
-3c8e1
Convert 32110233 (base 6) to base 12.
395379
Convert -42534403 (base 6) to base 15.
-19c5e0
What is -56a83 (base 11) in base 13?
-2b717
Convert 1002033332000 (base 4) to base 2.
1000010001111111110000000
151500 (base 10) to base 15
2ed50
What is -122044102 (base 5) in base 11?
-3676a0
494027 (base 13) to base 16
1ab802
-6a64 (base 16) to base 4
-12221210
What is 4b5620 (base 12) in base 7?
13323420
170dd7 (base 14) to base 5
201400343
Convert -2438b87 (base 13) to base 3.
-210011020220011
Convert 557b5 (base 14) to base 4.
302213203
What is -102023321 (base 4) in base 6?
-1332505
Convert -907aaa (base 15) to base 8.
-32127172
What is -312e7 (base 16) in base 7?
-1466211
What is 1017226 (base 9) in base 2?
10000100101000111011
What is -23131422 (base 5) in base 7?
-1525320
31bd28 (base 14) to base 4
12123102300
What is -8e40e6 (base 16) in base 9?
-18478334
Convert 5252446 (base 7) to base 6.
21334444
6751883 (base 10) to base 3
110201000211202
Convert 37785553 (base 9) to base 2.
1000110101110000110101011
What is 615612 (base 8) in base 5?
23004113
What is 8581120 (base 9) in base 13?
c50a60
What is -2575394 (base 11) in base 5?
-2120123420
What is -102020202000 (base 3) in base 10?
-221427
Convert -2167637 (base 8) to base 16.
-8ef9f
Convert -304306 (base 8) to base 10.
-100550
What is 122321123 (base 4) in base 6?
2210015
What is -21112021211010 (base 3) in base 8?
-17207105
What is -6429537 (base 11) in base 13?
-2462563
31000820 (base 9) to base 4
320301003312
-1102120322 (base 4) to base 6
-11122202
-97250 (base 15) to base 7
-4035522
Convert 66506346 (base 7) to base 2.
10101110111110000110010
What is 9018b3 (base 12) in base 7?
25026624
-102104 (base 8) to base 3
-1201110002
What is -14655620 (base 7) in base 11?
-882678
What is 639de2 (base 15) in base 9?
8826265
3166ff (base 16) to base 11
1911531
-157d44 (base 16) to base 2
-101010111110101000100
What is 2fc030 (base 16) in base 13?
857516
What is 11424153 (base 6) in base 15?
72066
-221768 (base 14) to base 9
-2152608
-21022202001020 (base 3) to base 7
-45040263
-2112122002200 (base 3) to base 12
-551939
What is 11250041 (base 8) in base 11?
1420251
8561e2 (base 16) to base 14
123789c
Convert -18598 (base 13) to base 8.
-134003
Convert -203300030 (base 4) to base 10.
-146444
What is 1669556 (base 13) in base 11?
40aa549
What is 1321232112 (base 4) in base 6?
14404130
What is -2711c3 (base 15) in base 6?
-104121220
Convert -7a048 (base 13) to base 6.
-4431325
Convert -d31c (base 14) to base 2.
-1000110110111110
Convert ac6d1 (base 15) to base 13.
162748
210102132132 (base 4) to base 13
1c80c18
Convert -103289 (base 12) to base 16.
-3e1c9
Convert 1522563 (base 7) to base 8.
625146
What is -16113163 (base 7) in base 8?
-5722710
What is -2203000010 (base 4) in base 9?
-1226755
Convert 11010101101101010110 (base 2) to base 6.
30432314
Convert 11208a2 (base 11) to base 12.
7a7b92
Convert 1000001000111110 (base 2) to base 10.
33342
Convert -544535 (base 8) to base 10.
-182621
-647f4 (base 16) to base 2
-1100100011111110100
100200020110101 (base 3) to base 14
97bc79
What is 425247 (base 9) in base 16?
3dcf0
Convert -6b1ab (base 12) to base 8.
-430523
-220344133 (base 5) to base 12
-39987a
Convert 147716 (base 10) to base 15.
2db7b
aa874 (base 11) to base 3
22011112102
ca80b (base 14) to base 4
1313220123
What is -346227 (base 9) in base 14?
-55ada
Convert 211323231 (base 4) to base 7.
1214661
What is -30c335 (base 13) in base 8?
-4264072
120442 (base 12) to base 16
47072
Convert -3c58c7 (base 16) to base 12.
-13a885b
What is -110011021201 (base 3) in base 16?
-3a6d8
What is 71009a (base 11) in base 15?
178607
-210012202 (base 3) to base 10
-15464
4469 (base 16) to base 12
a175
What is -664649 (base 10) in base 4?
-2202101021
Convert -26b48a9 (base 13) to base 2.
-101110100011111100000010
Convert -120201202102 (base 4) to base 8.
-30414222
219bb3 (base 14) to base 3
2010222020222
27163 (base 11) to base 9
58178
Convert -200112110111221 (base 3) to base 14.
-1445c40
-5a7044 (base 11) to base 8
-3525006
1042b7 (base 13) to base 8
1347231
What is 1164e0 (base 15) in base 11?
518682
Convert 32101323 (base 4) to base 14.
1745d
What is -7701c (base 16) in base 7?
-4100100
-13895a7 (base 11) to base 16
-24629f
-3330533 (base 8) to base 13
-2555b7
9ac7 (base 16) to base 14
10623
What is 201003332 (base 4) in base 5?
13313142
1227055 (base 8) to base 16
52e2d
Convert 21113550 (base 6) to base 5.
124211313
-81ba4c (base 13) to base 2
-1011100010011110111010
What is 1432203 (base 5) in base 15?
8ea3
1034334 (base 7) to base 6
2413100
Convert -101300012 (base 5) to base 6.
-12524120
What is 71b02 (base 12) in base 7?
1155563
Convert 130353030 (base 6) to base 10.
2549898
What is 147748 (base 11) in base 9?
380237
Convert 15a0047 (base 11) to base 8.
12306715
36c08 (base 14) to base 11
91804
-204d2 (base 15) to base 14
-29427
10102213220 (base 4) to base 13
304cb2
Convert -3305564 (base 7) to base 15.
-8019e
-32717 (base 11) to base 14
-13414
13d8a (base 15) to base 10
63805
What is 2404131 (base 5) in base 8?
126403
-ba543 (base 15) to base 9
-1101730
Convert 100110011111101100000011 (base 2) to base 6.
1000142455
-1932c57 (base 13) to base 14
-1150607
1610617 (base 9) to base 7
10405624
Convert -211000023221 (base 4) to base 3.
-200020210222222
What is 4a038 (base 11) in base 15?
16495
Convert b088bb (base 12) to base 3.
12011211101222
What is -133a (base 14) in base 4?
-310320
What is -106671 (base 9) in base 14?
-19457
Convert 8f5fe (base 16) to base 15.
b900c
What is 11202024 (base 5) in base 8?
303650
What is 4414a (base 14) in base 8?
502046
What is eed9 (base 15) in base 11?
35024
Convert -33041243 (base 5) to base 4.
-1011110230
58b697 (base 12) to base 10
1430035
What is -11661203 (base 8) in base 7?
-30640066
4c454 (base 16) to base 2
1001100010001010100
3061b (base 13) to base 15
1aa66
202022212111 (base 3) to base 5
100301001
What is 476ceb (base 16) in base 7?
54534024
What is 220222012020000 (base 3) in base 2?
110010100111110010000101
Convert 2e9c0b (base 15) to base 7.
25133426
Convert 1408217 (base 9) to base 16.
bce0f
Convert 73537 (base 9) to base 7.
261361
-4063482 (base 10) to base 6
-223032230
Convert 20668a (base 14) to base 11.
68754a
Convert 4d5248 (base 14) to base 16.
28a9b0
What is 59906 (base 11) in base 9?
141315
Convert -8102ee (base 15) to base 4.
-113113223123
What is 7e267 (base 15) in base 6?
12341524
What is -25d52 (base 14) in base 16?
-16bf4
What is 620376 (base 8) in base 16?
320fe
-12130331 (base 6) to base 3
-201120011201
What is -20333210201 (base 4) in base 9?
-4382835
-1454443 (base 9) to base 10
-803721
152030453 (base 6) to base 3
12222101120120
What is -2bcb0 (base 13) in base 2?
-10100011000000100
-8eb03c (base 15) to base 5
-3221232212
31133133120 (base 4) to base 15
49ce56
Convert -1023300 (base 4) to base 13.
-228c
Convert 1754 (base 11) to base 13.
1031
Convert 2d1637 (base 15) to base 7.
24354334
10744 (base 8) to base 11
3494
4ca92f (base 16) to base 3
100110020200211
Convert -100110001001001010110010 (base 2) to base 10.
-9999026
-5bd48d (base 16) to base 6
-332553553
158108 (base 12) to base 3
200121201122
Convert 1313210121 (base 4) to base 9.
825730
Convert 31134322 (base 5) to base 3.
110222121012
What is 23331223102 (base 4) in base 6?
151115254
Convert 8298b6 (base 13) to base 5.
1240024430
45217426 (base 8) to base 4
211101330112
Convert 324520 (base 7) to base 8.
157026
-856a (base 12) to base 4
-3210202
Convert 3200311210 (base 5) to base 4.
121113232311
Convert 3893a3 (base 12) to base 13.
266805
Convert 2031657 (base 8) to base 2.
10000011001110101111
6903a4 (base 13) to base 5
1114013243
What is -29f817 (base 16) in base 2?
-1010011111100000010111
What is -15735802 (base 9) in base 12?
-277a89b
What is 23006064 (base 7) in base 12?
806789
-1001100001011111011000 (base 2) to base 13
-695404
Convert 23f92 (base 16) to base 11.
a0781
What is -4487a (base 13) in base 1